{"id":8,"date":"2026-01-29T13:12:24","date_gmt":"2026-01-29T13:12:24","guid":{"rendered":"https:\/\/afrodita.love\/?page_id=8"},"modified":"2026-02-05T22:34:51","modified_gmt":"2026-02-05T22:34:51","slug":"prontoaqui-en-afrodita-love","status":"publish","type":"page","link":"https:\/\/afrodita.love\/","title":{"rendered":"Pronto Aqu\u00ed!!! Afrodita.love"},"content":{"rendered":"\n<figure class=\"wp-block-image\"><img loading=\"lazy\" decoding=\"async\" width=\"1366\" height=\"768\" src=\"https:\/\/afrodita.love\/wp-content\/uploads\/2026\/02\/Afrodita-love-1.png\" alt=\"\" class=\"wp-image-48\" srcset=\"https:\/\/afrodita.love\/wp-content\/uploads\/2026\/02\/Afrodita-love-1.png 1366w, https:\/\/afrodita.love\/wp-content\/uploads\/2026\/02\/Afrodita-love-1-300x169.png 300w, https:\/\/afrodita.love\/wp-content\/uploads\/2026\/02\/Afrodita-love-1-1024x576.png 1024w, https:\/\/afrodita.love\/wp-content\/uploads\/2026\/02\/Afrodita-love-1-768x432.png 768w\" sizes=\"auto, (max-width: 1366px) 100vw, 1366px\" \/><\/figure>\n\n\n\n<p><a style=\"background: #25D366; color: white; padding: 12px 20px; border-radius: 5px; text-decoration: none; font-weight: bold; display: inline-block;\" href=\"https:\/\/wa.me\/56993318260?text=Hola%20quiero%20m\u00e1s%20informaci\u00f3n\" target=\"_blank\" rel=\"noopener\"><br>\ud83d\udcac WhatsApp<br><\/a><\/p>\n\n\n\n<p>Inscr\u00edbete con nosotros, y tendr\u00e1s 3 meses gratis!!!!<\/p>\n\n\n\n<p>Adem\u00e1s para las primeras 100 inscritas regalamos 10 fotos de estudio <\/p>\n","protected":false},"excerpt":{"rendered":"<p>\ud83d\udcac WhatsApp Inscr\u00edbete con nosotros, y tendr\u00e1s 3 meses gratis!!!! Adem\u00e1s para las primeras 100 inscritas regalamos 10 fotos de estudio<\/p>\n","protected":false},"author":1,"featured_media":0,"parent":0,"menu_order":0,"comment_status":"closed","ping_status":"closed","template":"","meta":{"footnotes":""},"class_list":["post-8","page","type-page","status-publish","hentry"],"_links":{"self":[{"href":"https:\/\/afrodita.love\/index.php\/wp-json\/wp\/v2\/pages\/8","targetHints":{"allow":["GET"]}}],"collection":[{"href":"https:\/\/afrodita.love\/index.php\/wp-json\/wp\/v2\/pages"}],"about":[{"href":"https:\/\/afrodita.love\/index.php\/wp-json\/wp\/v2\/types\/page"}],"author":[{"embeddable":true,"href":"https:\/\/afrodita.love\/index.php\/wp-json\/wp\/v2\/users\/1"}],"replies":[{"embeddable":true,"href":"https:\/\/afrodita.love\/index.php\/wp-json\/wp\/v2\/comments?post=8"}],"version-history":[{"count":14,"href":"https:\/\/afrodita.love\/index.php\/wp-json\/wp\/v2\/pages\/8\/revisions"}],"predecessor-version":[{"id":52,"href":"https:\/\/afrodita.love\/index.php\/wp-json\/wp\/v2\/pages\/8\/revisions\/52"}],"wp:attachment":[{"href":"https:\/\/afrodita.love\/index.php\/wp-json\/wp\/v2\/media?parent=8"}],"curies":[{"name":"wp","href":"https:\/\/api.w.org\/{rel}","templated":true}]}}